1121
In base 10, what is 2 + -47?
-45
In base 10, what is -3248 - 2?
-3250
In base 15, what is 19 + -6?
13
In base 6, what is -3 - 1230?
-1233
In base 8, what is 3 + -3?
0
In base 7, what is 164 - 31?
133
In base 2, what is 111111 + 100?
1000011
In base 7, what is 24 + 42?
66
In base 11, what is 26a5 + -4?
26a1
In base 11, what is -29 - -15?
-14
In base 12, what is -5 + -144?
-149
In base 9, what is -6 + 30?
23
In base 5, what is -1 - -4231?
4230
In base 14, what is 7 + -2b6?
-2ad
In base 12, what is 40 - -17?
57
In base 5, what is -20 + -2120?
-2140
In base 6, what is 41 + 122?
203
In base 11, what is 4 + 1022?
1026
In base 13, what is -3 - 537?
-53a
In base 5, what is -12 - 232?
-244
In base 3, what is -10020 + 2?
-10011
In base 11, what is 59 + 1?
5a
In base 10, what is -31 + -1?
-32
In base 2, what is 111 + 100?
1011
In base 10, what is -27 + -123?
-150
In base 7, what is -5 + -1230?
-1235
In base 10, what is -5 - -91?
86
In base 5, what is 12301 + 0?
12301
In base 15, what is 56 - 3?
53
In base 7, what is -3231 - 5?
-3236
In base 8, what is -13 + 1?
-12
In base 7, what is 2 + 160?
162
In base 12, what is 5 + -52?
-49
In base 6, what is -4 - 1001?
-1005
In base 8, what is -2 + 10?
6
In base 15, what is 48 - -5?
4d
In base 16, what is 3 - f9?
-f6
In base 4, what is -21 - 132113?
-132200
In base 16, what is 25d + e?
26b
In base 8, what is 4504 - 2?
4502
In base 14, what is -9 + 21b?
212
In base 10, what is -7 + -26?
-33
In base 9, what is 116 - 8?
107
In base 14, what is -2a - -14?
-16
In base 7, what is -16365 - -2?
-16363
In base 13, what is 3 + -133?
-130
In base 6, what is -2 - -1003?
1001
In base 9, what is 203 - -1?
204
In base 6, what is 10 + -5523?
-5513
In base 11, what is 66 - -3?
69
In base 14, what is 2 - 7c?
-7a
In base 8, what is -1130 - 1?
-1131
In base 3, what is -10 - 12010002?
-12010012
In base 5, what is 10 - -3?
13
In base 9, what is -87 + 0?
-87
In base 15, what is 4b + -a?
41
In base 15, what is e - 36?
-27
In base 10, what is 5 - -87?
92
In base 12, what is -10 - a4?
-b4
In base 10, what is 54 - 8?
46
In base 4, what is -11 + 123?
112
In base 10, what is 309 + 1?
310
In base 10, what is 216 + 9?
225
In base 12, what is -21 - 5?
-26
In base 7, what is 163 - -3?
166
In base 12, what is -227 + 7?
-220
In base 13, what is -36 + 18?
-1b
In base 7, what is -5 + 4460?
4452
In base 15, what is -512d + -4?
-5132
In base 13, what is -22 - -13?
-c
In base 16, what is 1fb - 1?
1fa
In base 9, what is 5 - 2?
3
In base 3, what is -212 + 1?
-211
In base 5, what is 33 - 31?
2
In base 16, what is 3 + 36?
39
In base 12, what is -81 + 81?
0
In base 10, what is -46 - 1?
-47
In base 7, what is 3 - 4405?
-4402
In base 5, what is -300 + -11?
-311
In base 13, what is 4 + 259?
260
In base 8, what is 1 - 2?
-1
In base 10, what is 7 - 3?
4
In base 12, what is a1 + 1?
a2
In base 2, what is 101 - -111100?
1000001
In base 11, what is 222 - -5?
227
In base 12, what is 43 + 2?
45
In base 3, what is -1210201 - -12?
-1210112
In base 15, what is -5 - -7a?
75
In base 13, what is -10 - -144?
134
In base 14, what is -5 + -90?
-95
In base 8, what is 4 - 554?
-550
In base 7, what is -532 - 1?
-533
In base 5, what is -302 + 14?
-233
In base 12, what is -5 - -12?
9
In base 11, what is 1 + 2?
3
In base 10, what is -12 + -721?
-733
In base 14, what is c3 + a?
cd
In base 7, what is 41200 + -4?
41163
In base 9, what is 431 + 0?
431
In base 10, what is 18 + -9?
9
In base 5, what is 100 + 13?
113
In base 6, what is 23 - 503?
-440
In base 9, what is 1112 - 2?
1110
In base 6, what is 51 - -101?
152
In base 13, what is 5 + -1c50?
-1c48
In base 6, what is 0 - 201?
-201
In base 4, what is -3 - -1301?
1232
In base 11, what is -32a - 0?
-32a
In base 2, what is -10 + -101000100?
-101000110
In base 14, what is -13 + 6a?
57
In base 5, what is -10 - -11411?
11401
In base 9, what is 30878 - 0?
30878
In base 7, what is 3 - 14660?
-14654
In base 3, what is -12 - -11?
-1
In base 4, what is -1011 - -10?
-1001
In base 8, what is 6 - -116?
124
In base 5, what is -404 + -3?
-412
In base 15, what is 1d97 - 4?
1d93
In base 13, what is -1 - 26?
-27
In base 3, what is 22 - -20110?
20202
In base 13, what is -5 + 91?
89
In base 8, what is 41 + 52?
113
In base 10, what is -30 + 17?
-13
In base 2, what is 11001101111 + 11?
11001110010
In base 15, what is -4 - 6?
-a
In base 6, what is 101 + -211?
-110
In base 16, what is -a + -24?
-2e
In base 2, what is -1 - -10010?
10001
In base 9, what is 66 - -7?
74
In base 16, what is -3 + 6?
3
In base 2, what is 0 + 1110111?
1110111
In base 3, what is 1101 + 0?
1101
In base 10, what is 1619 + -4?
1615
In base 8, what is -65 - -2?
-63
In base 13, what is -119 + 2?
-117
In base 16, what is 17 - 2?
15
In base 9, what is -187 + -3?
-201
In base 8, what is -20 - -155?
135
In base 8, what is 4 + 65?
71
In base 6, what is 12000 + -1?
11555
In base 14, what is 5 - -3?
8
In base 4, what is -31231 - 1?
-31232
In base 8, what is -6 - 152?
-160
In base 13, what is -c3 - a?
-100
In base 6, what is -13 - 114?
-131
In base 12, what is 14 + -6?
a
In base 4, what is 0 + -1202?
-1202
In base 12, what is -315 - -a?
-307
In base 7, what is -42655 - 1?
-42656
In base 16, what is 29 + -12?
17
In base 11, what is 60 + -7?
54
In base 9, what is 7 - 1?
6
In base 9, what is -266 - -13?
-253
In base 12, what is -4 + 80?
78
In base 5, what is -214 - -443?
224
In base 16, what is -d + 2f7?
2ea
In base 9, what is -3 + 775?
772
In base 9, what is -4 + 422?
417
In base 16, what is 15 - 8?
d
In base 10, what is -8 - 14?
-22
In base 7, what is -1043 - 2?
-1045
In base 2, what is -11 - -10100001?
10011110
In base 5, what is 1 + 443?
444
In base 12, what is -7329 - 4?
-7331
In base 13, what is 40 + -2?
3b
In base 6, what is 1 + 5032?
5033
In base 8, what is 11 + 11?
22
In base 12, what is 62 + -2?
60
In base 4, what is 303 + -10?
233
In base 3, what is -1 + 100211?
100210
In base 2, what is -110001000 + -11?
-110001011
In base 3, what is -1 - 20221011?
-20221012
In base 4, what is 32 + -21220?
-21122
In base 3, what is -1211022 + -12?
-1211111
In base 6, what is 0 - 1055?
-1055
In base 7, what is 36 - -41?
110
In base 13, what is 1a - 33?
-16
In base 12, what is 113 - 4?
10b
In base 3, what is -10 - -2?
-1
In base 14, what is 58 - 0?
58
In base 13, what is 18b4 + 4?
18b8
In base 6, what is -4 - -21?
13
In base 11, what is -4424 - 1?
-4425
In base 11, what is 1a7 - -6?
202
In base 10, what is 0 - 5795?
-5795
In base 7, what is -422 + -4?
-426
In base 7, what is -4 + 252?
245
In base 6, what is -1 + 50?
45
In base 2, what is 100 + -101?
-1
In base 4, what is 1122 + 20?
1202
In base 11, what is -20 + 71?
51
In base 2, what is 1 - -11001?
11010
In base 16, what is -1a + -d?
-27
In base 2, what is -1000 - 1?
-1001
In base 3, what is 22 - 121002?
-120210
In base 14, what is -a + 5?
-5
In base 9, what is 1 + -602?
-601
In base 7, what is 1 + 160?
161
In base 14, what is -2 - 147?
-149
In base 12, what is -6b7 - 4?
-6bb
In base 2, what is -11110111 + -110000?
-100100111
In base 7, what is 13 + 31?
44
In base 8, what is 4244 + 1?
4245
In base 5, what is -11 - -3?
-3
In base 10, what is -308 + -5?
-313
In base 2, what is 1 - 1000101000010?
-1000101000001
In base 4, what is 1202 - -23?
1231
In base 7, what is 301 - 0?
301
In base 6, what is -14 - -2433?
2415
In base 5, what is -101 + 131?
30
In base 15, what is -520 - -4?
-51b
In base 10, what is 238 + 0?
238
In base 10, what is -6 + -46?
-52
In base 6, what is -150 - 2?
-152
In base 6, what is 1235 + 23?
1302
In base 6, what is 1 + -24?
-23
In base 9, what is -5 - -67?
62
In base 11, what is 12 - 1a0?
-189
In base 3, what is 11222 - -10?
12002
In base 4, what is 2113 - -2?
2121
In base 4, what is 13 - -112?
131
In base 13, what is -a5 + -6?
-ab
In base 3, what is 0 - -22?
22
In base 5, what is 21 + 103?
124
In base 11, what is 1122 - -4?
1126
In base 7, what is -5456 - 1?
-5460
In base 2, what is 110000 + -1?
101111
In base 4, what is 1 + 1333?
2000
In base 13, what is 0 + 2538?
2538
In base 8, what is 2265 - -4?
2271
In base 10, what is -520 - -2?
-518
In base 6, what is -1445224 + 4?
-1445220
In base 6, what is -241214 + -2?
-241220
In base 9, what is -15 + -15?
-31
In base 5, what is -2 - -114?
112
In base 5, what is 2430 - 1?
2424
In base 15,